{"id":26112,"date":"2024-11-29T13:53:41","date_gmt":"2024-11-29T12:53:41","guid":{"rendered":"https:\/\/www.angolodellavventura.com\/angolonuovoitalia\/?page_id=26112"},"modified":"2024-11-29T14:23:43","modified_gmt":"2024-11-29T13:23:43","slug":"profilo","status":"publish","type":"page","link":"https:\/\/www.angolodellavventura.com\/angolonuovoitalia\/profilo\/","title":{"rendered":"PROFILO"},"content":{"rendered":"\t\t<div data-elementor-type=\"wp-page\" data-elementor-id=\"26112\" class=\"elementor elementor-26112\">\n\t\t\t\t<div class=\"elementor-element elementor-element-72ed4f2d e-flex e-con-boxed wpr-particle-no wpr-jarallax-no wpr-parallax-no wpr-sticky-section-no e-con e-parent\" data-id=\"72ed4f2d\" data-element_type=\"container\">\n\t\t\t\t\t<div class=\"e-con-inner\">\n\t\t\t\t<div class=\"elementor-element elementor-element-51fa8f2a elementor-widget elementor-widget-text-editor\" data-id=\"51fa8f2a\" data-element_type=\"widget\" data-widget_type=\"text-editor.default\">\n\t\t\t\t<div class=\"elementor-widget-container\">\n\t\t\t<style>\/*! elementor - v3.22.0 - 26-06-2024 *\/\n.elementor-widget-text-editor.elementor-drop-cap-view-stacked .elementor-drop-cap{background-color:#69727d;color:#fff}.elementor-widget-text-editor.elementor-drop-cap-view-framed .elementor-drop-cap{color:#69727d;border:3px solid;background-color:transparent}.elementor-widget-text-editor:not(.elementor-drop-cap-view-default) .elementor-drop-cap{margin-top:8px}.elementor-widget-text-editor:not(.elementor-drop-cap-view-default) .elementor-drop-cap-letter{width:1em;height:1em}.elementor-widget-text-editor .elementor-drop-cap{float:left;text-align:center;line-height:1;font-size:50px}.elementor-widget-text-editor .elementor-drop-cap-letter{display:inline-block}<\/style>\t\t\t\t<!-- wp:tadv\/classic-paragraph -->\n<p style=\"text-align: center\"><span style=\"color: #008000\"><strong><span style=\"font-size: 24pt;font-family: 'comic sans ms', sans-serif\">COGNOME NOME<\/span><\/strong><\/span><\/p>\n<!-- \/wp:tadv\/classic-paragraph --><!-- wp:tadv\/classic-paragraph -->\n<p style=\"text-align: justify\"><span style=\"font-size: 18pt;color: #000000\"><strong>COMITATO DI GESTIONE &#8211; Moderator&#8230;&#8230;..<\/strong><\/span><\/p>\n<!-- \/wp:tadv\/classic-paragraph --><!-- wp:tadv\/classic-paragraph \/--><!-- wp:tadv\/classic-paragraph -->\n<p>\u00a0<\/p>\n<table style=\"border-collapse: collapse;width: 100%;height: 362px\">\n<tbody>\n<tr style=\"height: 311px\">\n<td style=\"width: 4.40856%;text-align: center;height: 352px\">\u00a0<\/td>\n<td style=\"width: 46.1291%;text-align: center;height: 352px\"><img fetchpriority=\"high\" decoding=\"async\" class=\"size-medium wp-image-10977 aligncenter\" src=\"http:\/\/www.angolodellavventura.com\/angolonuovoitalia\/wp-content\/uploads\/2020\/09\/Zappia_Annalisa-300x296.png\" alt=\"\" width=\"300\" height=\"296\" srcset=\"https:\/\/www.angolodellavventura.com\/angolonuovoitalia\/wp-content\/uploads\/2020\/09\/Zappia_Annalisa-300x296.png 300w, https:\/\/www.angolodellavventura.com\/angolonuovoitalia\/wp-content\/uploads\/2020\/09\/Zappia_Annalisa.png 385w\" sizes=\"(max-width: 300px) 100vw, 300px\" \/><\/td>\n<td style=\"width: 4.24732%;text-align: center;height: 352px\">\n<p style=\"text-align: left\">\u00a0<\/p>\n<\/td>\n<td style=\"width: 40.8871%;text-align: center;height: 352px\">\n<p style=\"text-align: left\">\u00a0\u00a0<span style=\"color: #000000\"><strong>Cell :\u00a0 \u00a0 \u00a0 \u00a0 \u00a0 \u00a0 \u00a0 \u00a0 \u00a0 \u00a0 \u00a0 \u00a0 \u00a0 \u00a0 \u00a0 \u00a0 \u00a0 \u00a0 \u00a0 \u00a0 Tel :\u00a0<\/strong><\/span><\/p>\n<p style=\"text-align: left\"><strong><span style=\"color: #000000\">\u00a0 <img decoding=\"async\" class=\"wp-image-7249 alignright\" src=\"http:\/\/www.angolodellavventura.com\/angolonuovoitalia\/wp-content\/uploads\/2020\/04\/Busta-300x218.png\" alt=\"\" width=\"46\" height=\"33\" \/>\u00a0 \u00a0MMMM<\/span><\/strong><\/p>\n<p style=\"text-align: left\"><strong>\u00a0 <span style=\"color: #000000\"><img decoding=\"async\" class=\"alignnone size-full wp-image-14217\" src=\"http:\/\/www.angolodellavventura.com\/angolonuovoitalia\/wp-content\/uploads\/2020\/02\/logofacebook-3.jpg\" alt=\"\" width=\"50\" height=\"50\" \/>\u00a0 \u00a0<img loading=\"lazy\" decoding=\"async\" class=\"alignnone size-full wp-image-14221\" src=\"http:\/\/www.angolodellavventura.com\/angolonuovoitalia\/wp-content\/uploads\/2020\/02\/logoinstagram.jpg\" alt=\"\" width=\"50\" height=\"50\" \/>\u00a0 \u00a0<img loading=\"lazy\" decoding=\"async\" class=\"alignnone size-full wp-image-14220\" src=\"http:\/\/www.angolodellavventura.com\/angolonuovoitalia\/wp-content\/uploads\/2020\/02\/logomessenger.jpg\" alt=\"\" width=\"50\" height=\"50\" \/>\u00a0 \u00a0<img loading=\"lazy\" decoding=\"async\" class=\"alignnone size-full wp-image-14344\" src=\"http:\/\/www.angolodellavventura.com\/angolonuovoitalia\/wp-content\/uploads\/2020\/02\/logotwitter-e1616087701122.jpg\" alt=\"\" width=\"55\" height=\"45\" \/> \u00a0<img loading=\"lazy\" decoding=\"async\" class=\"alignnone size-full wp-image-14343\" src=\"http:\/\/www.angolodellavventura.com\/angolonuovoitalia\/wp-content\/uploads\/2020\/02\/logolinkedin.jpg\" alt=\"\" width=\"50\" height=\"49\" \/>\u00a0 \u00a0<img loading=\"lazy\" decoding=\"async\" class=\"alignnone size-full wp-image-14462\" src=\"http:\/\/www.angolodellavventura.com\/angolonuovoitalia\/wp-content\/uploads\/2020\/02\/logoflikr.jpg\" alt=\"\" width=\"50\" height=\"50\" \/>\u00a0<\/span><\/strong><\/p>\n<p style=\"text-align: left\">\u00a0 <strong><span style=\"color: #000000\"><img loading=\"lazy\" decoding=\"async\" class=\"alignnone size-full wp-image-14218\" src=\"http:\/\/www.angolodellavventura.com\/angolonuovoitalia\/wp-content\/uploads\/2020\/02\/logoyoutube-e1616064988564.jpg\" alt=\"\" width=\"86\" height=\"35\" \/>\u00a0 \u00a0 <\/span><\/strong><span style=\"color: #000000\"><strong>\u00a0<img loading=\"lazy\" decoding=\"async\" class=\"alignnone size-full wp-image-14219\" src=\"http:\/\/www.angolodellavventura.com\/angolonuovoitalia\/wp-content\/uploads\/2020\/02\/logositoweb.jpg\" alt=\"\" width=\"50\" height=\"50\" \/>\u00a0 \u00a0 \u00a0<img loading=\"lazy\" decoding=\"async\" class=\"alignnone size-full wp-image-14213\" src=\"http:\/\/www.angolodellavventura.com\/angolonuovoitalia\/wp-content\/uploads\/2020\/02\/logoblog.jpg\" alt=\"\" width=\"50\" height=\"50\" \/> se tutti assenti <\/strong><\/span><strong>inserire quadretto bianco<\/strong><\/p>\n<\/td>\n<td style=\"width: 4.32793%;text-align: center;height: 352px\">\n<p style=\"text-align: left\">\u00a0<\/p>\n<\/td>\n<\/tr>\n<tr style=\"height: 311px\">\n<td style=\"width: 4.40856%;text-align: left;height: 10px\">\n<p><span style=\"color: #000000\"><strong>\u00a0<\/strong><\/span><\/p>\n<\/td>\n<td style=\"width: 46.1291%;text-align: left;height: 10px\">\n<p><span style=\"color: #000000\"><strong>Mi Presento:<\/strong><\/span><\/p>\n<p><span style=\"color: #000000\">Ho viag<\/span><\/p>\n<\/td>\n<td style=\"width: 4.24732%;text-align: center;height: 10px\">\n<p style=\"text-align: left\"><span style=\"color: #000000\"><strong>\u00a0<\/strong><\/span><\/p>\n<\/td>\n<td style=\"width: 40.8871%;text-align: center;height: 10px\">\n<p style=\"text-align: left\"><span style=\"color: #000000\"><strong>Motto :<\/strong><\/span><\/p>\n<p style=\"text-align: justify\"><span style=\"color: #000000\">Il Mo<\/span><\/p>\n<p>\u00a0<\/p>\n<\/td>\n<td style=\"width: 4.32793%;text-align: center;height: 10px\">\n<p style=\"text-align: left\"><span style=\"color: #000000\"><strong>\u00a0<\/strong><\/span><\/p>\n<\/td>\n<\/tr>\n<\/tbody>\n<\/table>\n<!-- \/wp:tadv\/classic-paragraph --><!-- wp:tadv\/classic-paragraph -->\n<p>\u00a0<\/p>\n<p><span style=\"font-size: 14pt;color: #000000\"><strong>Viaggi Coordinati<\/strong><\/span><\/p>\n<!-- \/wp:tadv\/classic-paragraph --><!-- wp:tadv\/classic-paragraph -->\n<table style=\"border-collapse: collapse;width: 100%;height: 207px\">\n<tbody>\n<tr style=\"height: 23px\">\n<td style=\"width: 15.4838%;text-align: center;height: 23px\"><span style=\"color: #000000\"><strong>2020<\/strong><\/span><\/td>\n<td style=\"width: 84.5162%;text-align: left;height: 23px\">\u00a0<\/td>\n<\/tr>\n<tr style=\"height: 23px\">\n<td style=\"width: 15.4838%;text-align: center;height: 23px\"><span style=\"color: #000000\"><strong>2019<\/strong><\/span><\/td>\n<td style=\"width: 84.5162%;text-align: left;height: 23px\">\u00a0<\/td>\n<\/tr>\n<tr style=\"height: 23px\">\n<td style=\"width: 15.4838%;text-align: center;height: 23px\"><span style=\"color: #000000\"><strong>2018<\/strong><\/span><\/td>\n<td style=\"width: 84.5162%;text-align: left;height: 23px\">\u00a0<\/td>\n<\/tr>\n<tr style=\"height: 23px\">\n<td style=\"width: 15.4838%;text-align: center;height: 23px\"><span style=\"color: #000000\"><strong>2017<\/strong><\/span><\/td>\n<td style=\"width: 84.5162%;text-align: left;height: 23px\">\u00a0<\/td>\n<\/tr>\n<tr style=\"height: 23px\">\n<td style=\"width: 15.4838%;text-align: center;height: 23px\"><span style=\"color: #000000\"><strong>2016<\/strong><\/span><\/td>\n<td style=\"width: 84.5162%;text-align: left;height: 23px\">\u00a0<\/td>\n<\/tr>\n<tr style=\"height: 23px\">\n<td style=\"width: 15.4838%;text-align: center;height: 23px\"><span style=\"color: #000000\"><strong>2015<\/strong><\/span><\/td>\n<td style=\"width: 84.5162%;text-align: left;height: 23px\">\u00a0<\/td>\n<\/tr>\n<tr style=\"height: 23px\">\n<td style=\"width: 15.4838%;text-align: center;height: 23px\"><span style=\"color: #000000\"><strong>2014<\/strong><\/span><\/td>\n<td style=\"width: 84.5162%;text-align: left;height: 23px\">\u00a0<\/td>\n<\/tr>\n<tr style=\"height: 23px\">\n<td style=\"width: 15.4838%;text-align: center;height: 23px\"><span style=\"color: #000000\"><strong>2013<\/strong><\/span><\/td>\n<td style=\"width: 84.5162%;text-align: left;height: 23px\">\u00a0<\/td>\n<\/tr>\n<tr style=\"height: 23px\">\n<td style=\"width: 15.4838%;text-align: center;height: 23px\"><span style=\"color: #000000\"><strong>2012<\/strong><\/span><\/td>\n<td style=\"width: 84.5162%;text-align: left;height: 23px\">\u00a0<\/td>\n<\/tr>\n<\/tbody>\n<\/table>\n<!-- \/wp:tadv\/classic-paragraph --><!-- wp:tadv\/classic-paragraph -->\n<p>\u00a0<\/p>\n<p><span style=\"font-size: 14pt;color: #000000\"><strong>Viaggi da Partecipante<\/strong><\/span><\/p>\n<!-- \/wp:tadv\/classic-paragraph --><!-- wp:tadv\/classic-paragraph -->\n<table style=\"border-collapse: collapse;width: 100%;height: 69px\">\n<tbody>\n<tr style=\"height: 23px\">\n<td style=\"width: 15.6989%;text-align: center;height: 23px\"><span style=\"color: #000000\"><strong>2012<\/strong><\/span><\/td>\n<td style=\"width: 84.3011%;text-align: left;height: 23px\">\u00a0<\/td>\n<\/tr>\n<tr style=\"height: 23px\">\n<td style=\"width: 15.6989%;text-align: center;height: 23px\"><span style=\"color: #000000\"><strong>2011<\/strong><\/span><\/td>\n<td style=\"width: 84.3011%;text-align: left;height: 23px\">\u00a0<\/td>\n<\/tr>\n<tr style=\"height: 23px\">\n<td style=\"width: 15.6989%;text-align: center;height: 23px\"><span style=\"color: #000000\"><strong>2010<\/strong><\/span><\/td>\n<td style=\"width: 84.3011%;text-align: left;height: 23px\">\u00a0<\/td>\n<\/tr>\n<\/tbody>\n<\/table>\n<!-- \/wp:tadv\/classic-paragraph --><!-- wp:tadv\/classic-paragraph -->\n<p><span style=\"color: #ffffff\">.<\/span><\/p>\n<!-- \/wp:tadv\/classic-paragraph --><!-- wp:paragraph -->\n<p>\u00a0<\/p>\n<!-- \/wp:paragraph --><!-- wp:tadv\/classic-paragraph -->\n<p><span style=\"color: #000000\"><strong>Viaggi in Autonomia<\/strong><\/span><\/p>\n<p style=\"text-align: justify\"><strong><span style=\"color: #000000\">Thailandia, Cambogia, Giappone , Myanmar, Vietnam, Sri Lanka, india, Russia, Messico, cuba, Per\u00f9, Bolivia, stati uniti, Canada, Irlanda, Ungheria, Polonia, Romania, Grecia, Marocco, Turchia, Portogallo, Spagna, Austria, Germania, Croazia, Belgio, Olanda, Francia, Inghilterra, Emirati Arabi, Repubblica Ceca.<\/span><\/strong><\/p>\n<p>\u00a0<\/p>\n<!-- \/wp:tadv\/classic-paragraph --><!-- wp:paragraph {\"align\":\"right\"} -->\n<p class=\"has-text-align-right\"><a class=\"ctsc-button ctsc-button-normal ctsc-button-none \" href=\"http:\/\/www.angolodellavventura.com\/angolonuovoitalia\/genova-coordinatori\/\" style=\" background:#666666;\n\t\t\t\tbackground:-moz-linear-gradient(top, #666666 0%, #444444 100%);\n\t\t\t\tbackground:-webkit-linear-gradient(top, #666666 0%, #444444 100%); \n\t\t\t\tbackground:linear-gradient(to bottom, #666666 0%, #444444 100%);\n\t\t\t\tfilter:progid:DXImageTransform.Microsoft.gradient(startColorstr='#666666', endColorstr='#444444',GradientType=0);\"><span class=\"ctsc-button-content\"><span class=\"ctsc-button-text\">COORDINATORI<\/span><\/span><\/a>\u00a0 \u00a0<\/p>\n<!-- \/wp:paragraph -->\t\t\t\t\t\t<\/div>\n\t\t\t\t<\/div>\n\t\t\t\t\t<\/div>\n\t\t\t\t<\/div>\n\t\t<div class=\"elementor-element elementor-element-908e9ab e-grid e-con-boxed wpr-particle-no wpr-jarallax-no wpr-parallax-no wpr-sticky-section-no e-con e-parent\" data-id=\"908e9ab\" data-element_type=\"container\">\n\t\t\t\t\t<div class=\"e-con-inner\">\n\t\t\t\t<div class=\"elementor-element elementor-element-70e3320 elementor-widget elementor-widget-text-editor\" data-id=\"70e3320\" data-element_type=\"widget\" data-widget_type=\"text-editor.default\">\n\t\t\t\t<div class=\"elementor-widget-container\">\n\t\t\t\t\t\t\t<p>\u00a0<\/p>\n<p><img fetchpriority=\"high\" decoding=\"async\" class=\"size-medium wp-image-10977 aligncenter\" src=\"http:\/\/www.angolodellavventura.com\/angolonuovoitalia\/wp-content\/uploads\/2020\/09\/Zappia_Annalisa-300x296.png\" alt=\"\" width=\"300\" height=\"296\" srcset=\"https:\/\/www.angolodellavventura.com\/angolonuovoitalia\/wp-content\/uploads\/2020\/09\/Zappia_Annalisa-300x296.png 300w, https:\/\/www.angolodellavventura.com\/angolonuovoitalia\/wp-content\/uploads\/2020\/09\/Zappia_Annalisa.png 385w\" sizes=\"(max-width: 300px) 100vw, 300px\" \/><\/p>\t\t\t\t\t\t<\/div>\n\t\t\t\t<\/div>\n\t\t\t\t<div class=\"elementor-element elementor-element-2a374e8 elementor-widget elementor-widget-text-editor\" data-id=\"2a374e8\" data-element_type=\"widget\" data-widget_type=\"text-editor.default\">\n\t\t\t\t<div class=\"elementor-widget-container\">\n\t\t\t\t\t\t\t<p>\u00a0<\/p>\n<p style=\"text-align: left\"><span style=\"color: #000000\"><strong>Cell :\u00a0 \u00a0 \u00a0 \u00a0 \u00a0 \u00a0 \u00a0 \u00a0 \u00a0 \u00a0 \u00a0 \u00a0 \u00a0 \u00a0 \u00a0 \u00a0 \u00a0 \u00a0 \u00a0 \u00a0 Tel :\u00a0<\/strong><\/span><\/p>\n<p style=\"text-align: left\"><strong><span style=\"color: #000000\">\u00a0 <img decoding=\"async\" class=\"wp-image-7249 alignright\" src=\"http:\/\/www.angolodellavventura.com\/angolonuovoitalia\/wp-content\/uploads\/2020\/04\/Busta-300x218.png\" alt=\"\" width=\"46\" height=\"33\" \/>\u00a0 \u00a0MMMM<\/span><\/strong><\/p>\n<p style=\"text-align: left\"><strong>\u00a0 <span style=\"color: #000000\"><img loading=\"lazy\" decoding=\"async\" class=\"size-full wp-image-14217 alignleft\" src=\"http:\/\/www.angolodellavventura.com\/angolonuovoitalia\/wp-content\/uploads\/2020\/02\/logofacebook-3.jpg\" alt=\"\" width=\"50\" height=\"50\" \/>\u00a0 \u00a0<img loading=\"lazy\" decoding=\"async\" class=\"size-full wp-image-14221 alignleft\" src=\"http:\/\/www.angolodellavventura.com\/angolonuovoitalia\/wp-content\/uploads\/2020\/02\/logoinstagram.jpg\" alt=\"\" width=\"50\" height=\"50\" \/>\u00a0 \u00a0<img loading=\"lazy\" decoding=\"async\" class=\"size-full wp-image-14220 alignleft\" src=\"http:\/\/www.angolodellavventura.com\/angolonuovoitalia\/wp-content\/uploads\/2020\/02\/logomessenger.jpg\" alt=\"\" width=\"50\" height=\"50\" \/>\u00a0 \u00a0<img loading=\"lazy\" decoding=\"async\" class=\"size-full wp-image-14344 alignleft\" src=\"http:\/\/www.angolodellavventura.com\/angolonuovoitalia\/wp-content\/uploads\/2020\/02\/logotwitter-e1616087701122.jpg\" alt=\"\" width=\"55\" height=\"45\" \/> \u00a0<img loading=\"lazy\" decoding=\"async\" class=\"size-full wp-image-14343 alignleft\" src=\"http:\/\/www.angolodellavventura.com\/angolonuovoitalia\/wp-content\/uploads\/2020\/02\/logolinkedin.jpg\" alt=\"\" width=\"50\" height=\"49\" \/>\u00a0 \u00a0<img loading=\"lazy\" decoding=\"async\" class=\"size-full wp-image-14462 alignleft\" src=\"http:\/\/www.angolodellavventura.com\/angolonuovoitalia\/wp-content\/uploads\/2020\/02\/logoflikr.jpg\" alt=\"\" width=\"50\" height=\"50\" \/>\u00a0<\/span><\/strong><\/p>\n<p>\u00a0<\/p>\n<p style=\"text-align: left\">\u00a0 <strong><span style=\"color: #000000\"><img loading=\"lazy\" decoding=\"async\" class=\"size-full wp-image-14218 alignleft\" src=\"http:\/\/www.angolodellavventura.com\/angolonuovoitalia\/wp-content\/uploads\/2020\/02\/logoyoutube-e1616064988564.jpg\" alt=\"\" width=\"86\" height=\"35\" \/>\u00a0 \u00a0 <\/span><\/strong><span style=\"color: #000000\"><strong>\u00a0<img loading=\"lazy\" decoding=\"async\" class=\"size-full wp-image-14219 alignleft\" src=\"http:\/\/www.angolodellavventura.com\/angolonuovoitalia\/wp-content\/uploads\/2020\/02\/logositoweb.jpg\" alt=\"\" width=\"50\" height=\"50\" \/>\u00a0 \u00a0 \u00a0<img loading=\"lazy\" decoding=\"async\" class=\"size-full wp-image-14213 alignleft\" src=\"http:\/\/www.angolodellavventura.com\/angolonuovoitalia\/wp-content\/uploads\/2020\/02\/logoblog.jpg\" alt=\"\" width=\"50\" height=\"50\" \/><\/strong><\/span><\/p>\t\t\t\t\t\t<\/div>\n\t\t\t\t<\/div>\n\t\t\t\t<div class=\"elementor-element elementor-element-31b7c6c elementor-widget elementor-widget-text-editor\" data-id=\"31b7c6c\" data-element_type=\"widget\" data-widget_type=\"text-editor.default\">\n\t\t\t\t<div class=\"elementor-widget-container\">\n\t\t\t\t\t\t\t<p><span style=\"color: #000000\"><strong>Mi Presento:<\/strong><\/span><\/p>\n<p style=\"text-align: justify\"><span style=\"color: #000000\">Il primo viaggio con AnM \u00e8 stato nel 2011, prima organizzavo e viaggiavo con amici &#8230; ma quel gennaio nessuno poteva venire &#8230; Avevo sentito parlare di AnM, mi sono iscritta ed \u00e8 stata una scelta fantastica! Partire con sconosciuti che diventano i tuoi nuovi compagni di viaggio ed avere a disposizione una scelta di viaggi vastissima per tutte le esigenze! Poi visto che l&#8217;esperienza di viaggiatrice c&#8217;era, mi \u00e8 stata proposta l&#8217;opportunit\u00e0 di coordinare, una grande opportunit\u00e0 e non finir\u00f2 mai di ringraziare chi me l&#8217;ha data, perch\u00e8 mi ha veramente cambiato la vita!<\/span><\/p>\t\t\t\t\t\t<\/div>\n\t\t\t\t<\/div>\n\t\t\t\t<div class=\"elementor-element elementor-element-014c2f2 elementor-widget elementor-widget-text-editor\" data-id=\"014c2f2\" data-element_type=\"widget\" data-widget_type=\"text-editor.default\">\n\t\t\t\t<div class=\"elementor-widget-container\">\n\t\t\t\t\t\t\t<p style=\"text-align: left\">\u00a0<\/p>\n<p style=\"text-align: left\"><span style=\"color: #000000\"><strong>Motto :<\/strong><\/span><\/p>\n<p style=\"text-align: justify\"><span style=\"color: #000000\">Il Mo NBNJNAS JJJj&gt;\u00a0 \u00a0 \u00a0 DSFSF SFSDDFC SDCZZZCXZCFDZFCSF SAZZ\u00a0 AS&lt;SA&lt;S ASSD SSEDFR<\/span><\/p>\t\t\t\t\t\t<\/div>\n\t\t\t\t<\/div>\n\t\t\t\t\t<\/div>\n\t\t\t\t<\/div>\n\t\t<div class=\"elementor-element elementor-element-d7228e0 e-flex e-con-boxed wpr-particle-no wpr-jarallax-no wpr-parallax-no wpr-sticky-section-no e-con e-parent\" data-id=\"d7228e0\" data-element_type=\"container\">\n\t\t\t\t\t<div class=\"e-con-inner\">\n\t\t\t\t<div class=\"elementor-element elementor-element-dee05d1 elementor-widget elementor-widget-text-editor\" data-id=\"dee05d1\" data-element_type=\"widget\" data-widget_type=\"text-editor.default\">\n\t\t\t\t<div class=\"elementor-widget-container\">\n\t\t\t\t\t\t\t<p><span style=\"font-size: 14pt;color: #000000\"><strong>Viaggi Coordinati<\/strong><\/span><\/p>\n<p>2024 : cnncxncxv m&lt;mzx\u00a0 ksksk kskszksk hjadsz jha&lt;jhjh\u00a0 hazhHH hAhh HHAHHh hHhhH GAGGG<\/p>\n<p><!-- \/wp:tadv\/classic-paragraph --><!-- wp:tadv\/classic-paragraph --><\/p>\t\t\t\t\t\t<\/div>\n\t\t\t\t<\/div>\n\t\t\t\t\t<\/div>\n\t\t\t\t<\/div>\n\t\t<div class=\"elementor-element elementor-element-5e64b5d e-flex e-con-boxed wpr-particle-no wpr-jarallax-no wpr-parallax-no wpr-sticky-section-no e-con e-parent\" data-id=\"5e64b5d\" data-element_type=\"container\">\n\t\t\t\t\t<div class=\"e-con-inner\">\n\t\t\t\t<div class=\"elementor-element elementor-element-39bd868 elementor-widget elementor-widget-text-editor\" data-id=\"39bd868\" data-element_type=\"widget\" data-widget_type=\"text-editor.default\">\n\t\t\t\t<div class=\"elementor-widget-container\">\n\t\t\t\t\t\t\t<p>2025 : JJAJSJ JJS&lt;J JJSjj jjjjjjjjj ghbghshhs HHHSWQHHSH\u00a0 \u00a0 JHJHADHHS\u00a0 hhAHHHAhh<\/p>\t\t\t\t\t\t<\/div>\n\t\t\t\t<\/div>\n\t\t\t\t\t<\/div>\n\t\t\t\t<\/div>\n\t\t<div class=\"elementor-element elementor-element-a54572e e-flex e-con-boxed wpr-particle-no wpr-jarallax-no wpr-parallax-no wpr-sticky-section-no e-con e-parent\" data-id=\"a54572e\" data-element_type=\"container\">\n\t\t\t\t\t<div class=\"e-con-inner\">\n\t\t\t\t<div class=\"elementor-element elementor-element-6cb0762 elementor-widget elementor-widget-text-editor\" data-id=\"6cb0762\" data-element_type=\"widget\" data-widget_type=\"text-editor.default\">\n\t\t\t\t<div class=\"elementor-widget-container\">\n\t\t\t\t\t\t\t<p>2026 : JJJJJJS&lt; HHSHH HHSWH<\/p>\t\t\t\t\t\t<\/div>\n\t\t\t\t<\/div>\n\t\t\t\t\t<\/div>\n\t\t\t\t<\/div>\n\t\t<div class=\"elementor-element elementor-element-6a67760 e-flex e-con-boxed wpr-particle-no wpr-jarallax-no wpr-parallax-no wpr-sticky-section-no e-con e-parent\" data-id=\"6a67760\" data-element_type=\"container\">\n\t\t\t\t\t<div class=\"e-con-inner\">\n\t\t\t\t<div class=\"elementor-element elementor-element-9b0eb7e elementor-align-right elementor-widget elementor-widget-button\" data-id=\"9b0eb7e\" data-element_type=\"widget\" data-widget_type=\"button.default\">\n\t\t\t\t<div class=\"elementor-widget-container\">\n\t\t\t\t\t<div class=\"elementor-button-wrapper\">\n\t\t\t<a class=\"elementor-button elementor-button-link elementor-size-sm\" href=\"#\">\n\t\t\t\t\t\t<span class=\"elementor-button-content-wrapper\">\n\t\t\t\t\t\t\t\t\t<span class=\"elementor-button-text\">Fai clic qui<\/span>\n\t\t\t\t\t<\/span>\n\t\t\t\t\t<\/a>\n\t\t<\/div>\n\t\t\t\t<\/div>\n\t\t\t\t<\/div>\n\t\t\t\t\t<\/div>\n\t\t\t\t<\/div>\n\t\t\t\t<\/div>\n\t\t","protected":false},"excerpt":{"rendered":"<p>\u00a0 \u00a0 \u00a0 \u00a0 \u00a0 Cell :\u00a0 \u00a0 \u00a0 \u00a0 \u00a0 \u00a0 \u00a0 \u00a0 \u00a0 \u00a0 \u00a0 \u00a0 \u00a0 \u00a0 \u00a0 \u00a0 \u00a0 \u00a0 \u00a0 \u00a0 Tel :\u00a0 \u00a0 \u00a0 \u00a0MMMM \u00a0 \u00a0 \u00a0\u00a0&#46;&#46;&#46;<\/p>\n","protected":false},"author":60,"featured_media":0,"parent":0,"menu_order":0,"comment_status":"closed","ping_status":"closed","template":"","meta":{"_exactmetrics_skip_tracking":false,"_exactmetrics_sitenote_active":false,"_exactmetrics_sitenote_note":"","_exactmetrics_sitenote_category":0},"ppma_author":[283],"_links":{"self":[{"href":"https:\/\/www.angolodellavventura.com\/angolonuovoitalia\/wp-json\/wp\/v2\/pages\/26112"}],"collection":[{"href":"https:\/\/www.angolodellavventura.com\/angolonuovoitalia\/wp-json\/wp\/v2\/pages"}],"about":[{"href":"https:\/\/www.angolodellavventura.com\/angolonuovoitalia\/wp-json\/wp\/v2\/types\/page"}],"author":[{"embeddable":true,"href":"https:\/\/www.angolodellavventura.com\/angolonuovoitalia\/wp-json\/wp\/v2\/users\/60"}],"replies":[{"embeddable":true,"href":"https:\/\/www.angolodellavventura.com\/angolonuovoitalia\/wp-json\/wp\/v2\/comments?post=26112"}],"version-history":[{"count":12,"href":"https:\/\/www.angolodellavventura.com\/angolonuovoitalia\/wp-json\/wp\/v2\/pages\/26112\/revisions"}],"predecessor-version":[{"id":26130,"href":"https:\/\/www.angolodellavventura.com\/angolonuovoitalia\/wp-json\/wp\/v2\/pages\/26112\/revisions\/26130"}],"wp:attachment":[{"href":"https:\/\/www.angolodellavventura.com\/angolonuovoitalia\/wp-json\/wp\/v2\/media?parent=26112"}],"wp:term":[{"taxonomy":"author","embeddable":true,"href":"https:\/\/www.angolodellavventura.com\/angolonuovoitalia\/wp-json\/wp\/v2\/ppma_author?post=26112"}],"curies":[{"name":"wp","href":"https:\/\/api.w.org\/{rel}","templated":true}]}}